3*a + 22 = 208. Suppose -5*b = 4*w - 432 - 689, 2*b = 3*w - 812. Suppose -13*i + w - 1 = 0. Calculate the remainder when a is divided by i.
20
Suppose 0 = 4*m - 3*q - 5336, 21*q - 19*q = -8. What is the remainder when m is divided by 9?
8
Suppose 5*y + 18 + 1 = -s, 2*s - 3*y - 27 = 0. Calculate the remainder when 214 is divided by s.
4
Let w(j) = j**2 + 11*j - 103. What is the remainder when w(-26) is divided by 21?
14
Let z(x) = x**3 + 8*x**2 + x + 8. Let d be 0/(4 + -1) - (7 - -1). Let l be z(d). What is the remainder when 4/14 - (-117)/7 - l is divided by 6?
5
Suppose 0 = -340*b + 323*b - 5304. Let u = 357 + b. What is the remainder when 75 is divided by u?
30
Suppose -30*r - 3532 = -27502. What is the remainder when r is divided by 108?
43
Suppose 4*v + 285 = 37. Let m(h) = -498*h + 390. Let n be m(1). Let b = v - n. Calculate the remainder when b is divided by 7.
4
Let j(h) = -7*h + 1. Let x(f) = 6*f - 2. Let n(b) = 3*j(b) + 2*x(b). Let r be n(-1). Suppose -r*c + 63 = -49. What is the remainder when 26 is divided by c?
12
Suppose 3*m = 4*z + 57, -5*z = -3*m + 7*m + 48. Let d(l) = l**2 + 15*l - 17. Let a be d(z). Let h = 58 + a. What is the remainder when 8 is divided by h?
3
Suppose 0*i = 4*i + 60. Let a = 39 + i. Calculate the remainder when ((-5)/4 + (-6)/a)*-14 is divided by 11.
10
Let l(z) be the first derivative of -3*z**2/2 - 12*z + 11. Let v be l(-4). Suppose 5*m - 34 + 9 = v. Calculate the remainder when 19 is divided by m.
4
Let u = 3156 - 2889. What is the remainder when u is divided by 21?
15
Let v = 336 + -307. What is the remainder when v is divided by (-102)/9*(-24)/16?
12
Let r(h) = h**3 - 4*h**2 - h - 7. Let y = 91 + -89. Suppose 5*c + 2*p = y*c + 73, 3*c + p = 68. Calculate the remainder when r(6) is divided by c.
17
Let r(o) = -o**3 - 5*o**2 + 3*o - 1. Let f be r(-5). Let j = -64 + f. Let y = 114 + j. Calculate the remainder when y is divided by 12.
10
Suppose -2*p + 6*p = -4*s + 408, 4*s + 271 = 3*p. Let f = p - 48. Let h(x) = x**3 + 92*x**2 - 1856*x - 317. What is the remainder when f is divided by h(-109)?
9
Let p(k) = 2*k**2 + 14*k - 47. Let z be p(-10). Suppose -z*u = -11*u - 276. What is the remainder when u is divided by 13?
8
Suppose 69*u = 6*u + 493 + 2027. Calculate the remainder when 110 is divided by u.
30
Let z(h) = -h**2 - 94*h - 94. Calculate the remainder when z(-38) is divided by 673.
15
Let t(w) = -2*w**2 - 2*w - 6. Let g be t(3). Let l = 22 + g. Calculate the remainder when 5 is divided by (-8 - -9)/((-2)/l).
1
Let z(p) = 21*p**2 + 2*p - 1. Let t(o) = 5*o**3 - 2*o**2 + 10. Let l(n) = 3*n + 27. Let d be l(-9). What is the remainder when z(2) is divided by t(d)?
7
Let a = -485 - -520. Suppose a = -s + 6*s - 5*n, -s + 4*n = -13. What is the remainder when s is divided by 3?
2
Let h(b) = -40*b + 1013. Calculate the remainder when h(8) is divided by 229.
6
Let a(o) = -984*o - 9823. What is the remainder when (-206)/(-8) - (-1)/4 is divided by a(-10)?
9
Suppose 4*k - 388 = 2*w, -2*k + 3*w = 2*k - 384. Let l = -24 + k. Calculate the remainder when 77 is divided by l.
2
Let f(y) = y**3 - 12*y**2 - 18*y + 27. Let a be f(12). Let x = -186 - a. What is the remainder when 21 is divided by x?
0
Suppose d - 1191 = -t, 0 = 4*t + 39*d - 37*d - 4762. Calculate the remainder when 2 + (6/18 - t/(-3)) is divided by 25.
24
Let t be ((-98)/140)/(6/795)*-4. Let v = t + -278. What is the remainder when 174 is divided by v?
81
Calculate the remainder when ((-502474)/57)/(21/(-18)) is divided by 60.
56
Suppose -2*p = 4*w - 9000, -3*p + 9224 = 3*w - 4261. What is the remainder when p is divided by 56?
10
Suppose -5*c + 17 = -3, -2*y - 5*c = 968. Let z = 729 + y. Calculate the remainder when z is divided by 59.
58
Calculate the remainder when 3/(-1) + (-42)/(-4)*2064/18 is divided by 299.
5
Let t(l) = -2*l**3 + 3*l**2 + 10*l + 588. Calculate the remainder when t(0) is divided by 191.
15
Let w be -1*(-12)/(-6) + 61*6. Let z = w - 355. Calculate the remainder when 447 is divided by z.
6
Let y(p) = p**2 - p + 1. Let q be y(2). Suppose 3*u = 4*f - f + 1314, u - q*f = 434. Suppose -148 - u = -3*g. Calculate the remainder when g is divided by 22.
20
Let y(c) = -c**2 + 8*c + 68. Let v be y(13). Suppose 4*t + v*j = 547, 18*t + 4*j = 17*t + 127. Calculate the remainder when t is divided by 52.
35
Suppose -11*l + 1116 + 556 = 0. Suppose -n = -9*n + l. Calculate the remainder when 2/8 - 1338/(-24) is divided by n.
18
Let l(r) = -3*r**2 + 12*r + 11. Let v(t) = 8*t**2 - 24*t - 21. Let k(i) = -5*l(i) - 2*v(i). Let h = 15 + -11. What is the remainder when k(-8) is divided by h?
3
Suppose 2*k = h + 5701, 5*k = -124*h + 128*h + 14254. What is the remainder when k is divided by 1420?
10
Let m = -7 - -32. Let n(j) = j**3 - 17*j**2 - 13*j + 58. Suppose 16*d = 7*d + 162. What is the remainder when n(d) is divided by m?
23
Let f be 968/20 + (-4)/10. Suppose 4*y - f = -0*y. Calculate the remainder when (22/(-242))/(3/(-627)) is divided by y.
7
Suppose 2 = -2*a, -a + 675 + 276 = 4*t. What is the remainder when 43 is divided by t/35*5 - 5?
14
Let m be 2*-3*(-17)/(-2). Let p(a) = -10*a + 33. Let u be p(-4). Let s = u + m. Calculate the remainder when s is divided by 5.
2
What is the remainder when 359 is divided by 150*(8 - ((-608)/10)/(-8))?
59
Calculate the remainder when 881 is divided by ((-10)/(-3))/(495/7722).
49
Let m = 321 - 318. Suppose y + 0*d - 5*d = 35, -5*y + 5*d = -135. Calculate the remainder when y is divided by m.
1
Let g(y) = 575*y + 7289. What is the remainder when g(-12) is divided by 28?
25
Let h = -3 - 4. Let i(v) = -11*v**2 + 79*v + 44. Let o(p) = 4*p**2 - 27*p - 15. Let j(b) = 6*i(b) + 17*o(b). What is the remainder when j(h) is divided by 2?
0
Suppose 5*k + 14*a = 11*a - 37, -k - a - 9 = 0. Let m(z) = -6*z**3 - 14*z**2 - 15*z. What is the remainder when m(k) is divided by 22?
13
Suppose -3*c - 70 = -8*c. Suppose -c*f + 5 = -13*f. Suppose f*a = -0*a + 255. Calculate the remainder when a is divided by 14.
9
Let n = 3386 + -3149. What is the remainder when 945 is divided by n?
234
Let u(h) = -970*h - 3766. Calculate the remainder when u(-4) is divided by 79.
35
Suppose 37*d = -99*d + 11*d + 1020125. What is the remainder when d is divided by 77?
76
Let j = 6137 + -4323. What is the remainder when j is divided by 15?
14
Let n(m) = -171*m - 8317. Calculate the remainder when 2314 is divided by n(-52).
14
Let i = 320 + -318. Suppose -i*u = z - 45 - 12, 0 = -2*z + u + 94. Calculate the remainder when z is divided by 75/4 + (-8)/(-32).
11
Let j = -334 + 354. Calculate the remainder when 337 is divided by (2/(-2))/(-9 - (-179)/j).
17
Suppose 37*j - 25517 - 10743 = 0. What is the remainder when j is divided by 2?
0
Let k(u) = 8*u - 5. Let n be k(5). Let r be (n - -2)/((-3)/345*-5). Let v = -606 + r. Calculate the remainder when v is divided by 62.
59
Suppose 4*f - 6*f - 3*l + 307 = 0, 3*f + 3*l = 462. What is the remainder when f is divided by 49?
8
Let h(a) = -a**3 + a**2 - 4*a - 1. Let u(o) = -4*o**3 - o**2 - 27*o + 4. Let d(x) = 5*h(x) - u(x). Calculate the remainder when 98 is divided by d(6).
32
Let l be (1*-1)/((-68)/66980). Let z = l + -949. Calculate the remainder when 72 is divided by z.
0
Calculate the remainder when 1218 is divided by (9/12)/((-60)/(-9840)).
111
What is the remainder when ((-4)/2)/(258/952 + (-54)/189) is divided by (138/(-5))/(20/(-50))?
67
Calculate the remainder when (-472)/(-10) + (-10)/50 is divided by 1/8 + (-4)/64*-414.
21
Suppose -4 = 2*u, -3743 = 2*q - 7*q - u. What is the remainder when q is divided by 4/(-6) + (3575/(-15))/(-5)?
44
Suppose 0 = 54*r - 26*r - 812. Let p(m) = -m**2 + 4*m + 12. Let u be (-2)/(5/30*-3). What is the remainder when r is divided by p(u)?
5
Let z(x) = 409*x + 2359. What is the remainder when z(-4) is divided by 91?
86
Suppose -4*s - 5*d = -8*s + 159, -3*d - 9 = 0. Let q = -35 + s. Calculate the remainder when 16 is divided by (q - 1/2)/(7/84).
4
Suppose -264581 = -59*g + 270549. Calculate the remainder when g is divided by 36.
34
Let o(l) = -22*l**2 + 3*l + 3. Let z be o(3). Let f = z + 195. What is the remainder when 37 is divided by f?
1
Suppose -296*a - 51 = -390*a + 1547. Let c(k) = 4*k**2 + 7*k. Calculate the remainder when c(-5) is divided by a.
14
Suppose 4*m - 49 +